
36110
What is 10000111010 (base 2) in base 7?
3104
Convert 357 (base 8) to base 5.
1424
-12db (base 14) to base 7
-12464
Convert 11717 (base 9) to base 8.
17301
Convert -7214 (base 11) to base 13.
-4486
Convert 55566 (base 9) to base 8.
110063
64785 (base 9) to base 4
22132232
-a4b6 (base 14) to base 5
-1402014
Convert 23104 (base 5) to base 10.
1654
Convert -100001000100110 (base 2) to base 10.
-16934
What is 117 (base 9) in base 4?
1201
Convert -53 (base 7) to base 2.
-100110
Convert 258 (base 12) to base 16.
164
152 (base 11) to base 6
454
-13034 (base 6) to base 4
-132232
178 (base 13) to base 4
10030
What is -11020 (base 4) in base 10?
-328
What is 3276 (base 8) in base 10?
1726
What is 5ac (base 16) in base 15?
66c
d65 (base 14) to base 5
41022
What is -5a7 (base 12) in base 8?
-1517
What is 22133 (base 4) in base 5?
10141
What is 477 (base 15) in base 12?
704
What is -41211 (base 8) in base 15?
-50a8
What is -12100 (base 3) in base 16?
-90
817b (base 13) to base 4
10112313
-34256 (base 7) to base 14
-3266
Convert -30308 (base 12) to base 16.
-f4b8
Convert 2713 (base 10) to base 9.
3644
What is 27b (base 15) in base 12?
3b2
What is 401 (base 13) in base 8?
1245
What is 11011000010000 (base 2) in base 8?
33020
-2264 (base 7) to base 5
-11310
320 (base 11) to base 15
1aa
Convert -11331 (base 4) to base 5.
-3011
111100000010 (base 2) to base 15
1212
What is 1201212 (base 4) in base 16?
1866
Convert 68c (base 15) to base 16.
5ca
What is 1407 (base 14) in base 8?
6717
Convert 120120 (base 4) to base 11.
1199
162 (base 9) to base 2
10001001
-112423 (base 5) to base 8
-10021
156241 (base 7) to base 15
92b7
Convert -1203 (base 7) to base 12.
-310
Convert -101263 (base 9) to base 7.
-336630
Convert -232011 (base 5) to base 12.
-4a25
Convert 2170 (base 8) to base 7.
3223
365 (base 10) to base 14
1c1
10022 (base 6) to base 9
1715
What is 102 (base 16) in base 9?
316
123232 (base 4) to base 11
1373
What is -30624 (base 8) in base 6?
-134432
What is 3124 (base 8) in base 15?
730
What is -16821 (base 9) in base 12?
-686a
Convert -2131221 (base 4) to base 10.
-10089
Convert 65e (base 15) to base 16.
59f
What is 1210202100 (base 3) in base 12?
18699
What is -2023 (base 8) in base 5?
-13133
What is -5 (base 8) in base 6?
-5
430 (base 5) to base 2
1110011
15b (base 16) to base 6
1335
Convert 124 (base 14) to base 6.
1020
-3575 (base 10) to base 11
-2760
What is 1011010001001 (base 2) in base 11?
4375
Convert -10322203 (base 4) to base 7.
-112456
-3321 (base 5) to base 9
-562
112 (base 10) to base 7
220
-4213 (base 5) to base 2
-1000101110
Convert -101001000 (base 2) to base 4.
-11020
What is 18b (base 15) in base 11?
2a4
What is b13 (base 13) in base 14?
97d
1186 (base 11) to base 16
60a
3caa (base 15) to base 11
9835
Convert -1733 (base 10) to base 9.
-2335
8a95 (base 12) to base 5
443002
What is 530 (base 16) in base 6?
10052
What is 1010110111100 (base 2) in base 7?
22136
-447 (base 13) to base 15
-340
2201 (base 6) to base 3
200201
Convert 2502 (base 6) to base 4.
21212
Convert 302d (base 16) to base 7.
50646
Convert -11100101011 (base 2) to base 6.
-12255
Convert -4602 (base 16) to base 14.
-6762
Convert 36150 (base 8) to base 14.
58c8
What is -2298 (base 12) in base 11?
-299a
Convert 7520 (base 8) to base 5.
111140
What is -3433 (base 9) in base 11?
-1a00
1269 (base 11) to base 16
670
What is 1000000100111 (base 2) in base 13?
1b61
Convert 145530 (base 8) to base 4.
30231120
What is -1000000001 (base 2) in base 15?
-243
Convert -20133133 (base 4) to base 9.
-52637
What is 10111000111 (base 2) in base 5?
21404
Convert 1bd62 (base 15) to base 13.
32411
278a5 (base 12) to base 2
1101011000111101
What is -32101 (base 6) in base 13?
-1ca2
Convert 100111 (base 2) to base 3.
1110
Convert 1101011111 (base 2) to base 16.
35f
1312413 (base 5) to base 2
110010101111111
110000100111110 (base 2) to base 10
24894
What is -206 (base 15) in base 8?
-710
126b (base 14) to base 9
4380
31 (base 10) to base 2
11111
What is -5a87 (base 11) in base 6?
-100504
-21402 (base 5) to base 3
-2000201
What is 387 (base 9) in base 11?
273
Convert -2d0 (base 15) to base 2.
-1010000101
-479 (base 11) to base 9
-703
What is -3c (base 15) in base 2?
-111001
What is 44431 (base 7) in base 4?
2232322
What is 33a (base 16) in base 5?
11301
23605 (base 7) to base 4
1133302
What is -30021 (base 5) in base 11?
-1465
-41 (base 5) to base 3
-210
What is -41b (base 12) in base 9?
-735
-46 (base 11) to base 15
-35
475 (base 16) to base 3
1120021
-19040 (base 12) to base 13
-13701
What is -43b1 (base 12) in base 10?
-7477
What is 101111 (base 3) in base 12?
1b7
Convert 122102 (base 3) to base 4.
13112
Convert -3504 (base 9) to base 11.
-1a50
Convert -246311 (base 7) to base 6.
-550155
What is 5420 (base 7) in base 15?
885
Convert 12341 (base 5) to base 12.
68b
-221635 (base 7) to base 6
-500531
20012002 (base 3) to base 8
10637
What is 67 (base 10) in base 3?
2111
Convert -b230 (base 13) to base 16.
-5fe0
-25638 (base 10) to base 8
-62046
What is 190a (base 16) in base 9?
8712
-1310030 (base 4) to base 6
-54232
What is 562 (base 9) in base 7?
1226
Convert 11000100 (base 2) to base 4.
3010
What is -1257b (base 12) in base 3?
-1021022012
Convert -7233 (base 8) to base 14.
-1511
2285 (base 15) to base 3
101001022
Convert f69 (base 16) to base 6.
30133
Convert -411333 (base 5) to base 7.
-53621
What is 1966 (base 12) in base 4?
300132
What is -1034 (base 5) in base 4?
-2100
Convert 7a (base 14) to base 2.
1101100
Convert 131462 (base 7) to base 15.
7448
What is -5d26 (base 16) in base 4?
-11310212
Convert 112100 (base 3) to base 8.
603
11333 (base 5) to base 12
5a3
What is -15185 (base 10) in base 6?
-154145
What is -1000011221 (base 3) in base 4?
-10311220
12c9 (base 16) to base 10
4809
Convert -23020 (base 9) to base 12.
-8a53
Convert 32887 (base 11) to base 15.
e1b8
-10321 (base 4) to base 10
-313
Convert -24 (base 16) to base 13.
-2a
Convert 123 (base 14) to base 13.
146
-2022323 (base 4) to base 16
-22bb
-1081 (base 9) to base 15
-387
-22021021 (base 4) to base 3
-2002222201
Convert 26563 (base 7) to base 11.
5410
What is 339b (base 16) in base 6?
141055
What is 3120 (base 11) in base 15?
135b
12178 (base 9) to base 10
8171
Convert -1745 (base 12) to base 6.
-20525
-1107 (base 11) to base 4
-112303
Convert -95a9 (base 15) to base 2.
-111101110101011
Convert 12 (base 15) to base 4.
101
Convert d6 (base 16) to base 2.
11010110
Convert 13212 (base 5) to base 3.
1110011
Convert -24099 (base 11) to base 4.
-20132122
What is -120a4 (base 12) in base 10?
-24316
-141a8 (base 12) to base 3
-1102022002
What is -15bb (base 15) in base 8?
-11104
795 (base 10) to base 4
30123
Convert 52068 (base 9) to base 2.
1000011000010101
What is 5115 (base 8) in base 2?
101001001101
What is 55613 (base 7) in base 13?
64ca
9a7 (base 16) to base 9
3345
Convert 1110001001101 (base 2) to base 12.
4239
Convert -957 (base 11) to base 8.
-2177
11b2 (base 14) to base 9
4220
What is 1a5 (base 13) in base 5?
2204
1553 (base 6) to base 16
1ad
-100001100 (base 2) to base 9
-327
10772 (base 10) to base 15
32d2
-164 (base 7) to base 10
-95
32030 (base 4) to base 16
38c
-632 (base 12) to base 11
-750
Convert 2230143 (base 5) to base 7.
222636
Convert 14a92 (base 13) to base 12.
1a7b2
What is 10100110100 (base 2) in base 11?
1001
4b41 (base 14) to base 3
200002111
What is -482 (base 10) in base 9?
-585
-71878 (base 9) to base 7
-255056
Convert -291 (base 12) to base 2.
-110001101
Convert -3050 (base 6) to base 16.
-2a6
-305400 (base 6) to base 15
-741c
1020121111 (base 3) to base 9
36544
What is 43133 (base 5) in base 2?
101101100110
4c85 (base 16) to base 11
13799
What is -c079 (base 13) in base 15?
-7c94
Convert 41303 (base 8) to base 13.
7a19
Convert -8645 (base 11) to base 14.
-423d
-100001101111010 (base 2) to base 11
-11a84
Convert 1c1c (base 14) to base 10.
5122
What is 88b (base 13) in base 4?
112323
Convert -212122012 (base 3) to base 14.
-63cb
2300002 (base 4) to base 2
10110000000010
-220211 (base 3) to base 5
-10140
What is 2763 (base 14) in base 15?
20d2
397 (base 12) to base 14
2b1
What is 46ac (base 13) in base 8?
23330
What is 43177 (base 9) in base 15?
8707
Convert 542 (base 6) to base 3.
21122
112b (base 15) t